{"id":251,"date":"2026-02-06T08:50:40","date_gmt":"2026-02-06T07:50:40","guid":{"rendered":"https:\/\/user03.lpapica.fr\/public\/?page_id=251"},"modified":"2026-02-06T11:50:11","modified_gmt":"2026-02-06T10:50:11","slug":"numerisation-patrimoniale","status":"publish","type":"page","link":"https:\/\/user03.lpapica.fr\/public\/numerisation-patrimoniale\/","title":{"rendered":"Num\u00e9risation patrimoniale"},"content":{"rendered":"<p>[et_pb_section fb_built=\u00a0\u00bb1&Prime; _builder_version=\u00a0\u00bb4.27.5&Prime; _module_preset=\u00a0\u00bbdefault\u00a0\u00bb background_image=\u00a0\u00bbhttps:\/\/user03.lpapica.fr\/public\/wp-content\/uploads\/2026\/02\/marvin-meyer-SYTO3xs06fU-unsplash-scaled.jpg\u00a0\u00bb custom_padding=\u00a0\u00bb||164px|||\u00a0\u00bb filter_saturate=\u00a0\u00bb0%\u00a0\u00bb global_colors_info=\u00a0\u00bb{}\u00a0\u00bb][et_pb_row _builder_version=\u00a0\u00bb4.27.5&Prime; _module_preset=\u00a0\u00bbdefault\u00a0\u00bb global_colors_info=\u00a0\u00bb{}\u00a0\u00bb][et_pb_column type=\u00a0\u00bb4_4&Prime; _builder_version=\u00a0\u00bb4.27.5&Prime; _module_preset=\u00a0\u00bbdefault\u00a0\u00bb global_colors_info=\u00a0\u00bb{}\u00a0\u00bb][et_pb_text _builder_version=\u00a0\u00bb4.27.5&Prime; _module_preset=\u00a0\u00bbdefault\u00a0\u00bb text_font=\u00a0\u00bbABeeZee|800|||||||\u00a0\u00bb text_text_color=\u00a0\u00bb#42E3BB\u00a0\u00bb text_letter_spacing=\u00a0\u00bb3px\u00a0\u00bb text_line_height=\u00a0\u00bb1em\u00a0\u00bb header_font=\u00a0\u00bb|||on|||||\u00a0\u00bb header_text_align=\u00a0\u00bbcenter\u00a0\u00bb header_text_color=\u00a0\u00bb#ffffff\u00a0\u00bb header_font_size=\u00a0\u00bb49px\u00a0\u00bb header_letter_spacing=\u00a0\u00bb1px\u00a0\u00bb text_orientation=\u00a0\u00bbcenter\u00a0\u00bb background_layout=\u00a0\u00bbdark\u00a0\u00bb text_text_shadow_style=\u00a0\u00bbpreset4&Prime; text_text_shadow_color=\u00a0\u00bb#42E3BB\u00a0\u00bb header_text_shadow_style=\u00a0\u00bbpreset1&Prime; header_text_shadow_color=\u00a0\u00bb#54B89F\u00a0\u00bb global_colors_info=\u00a0\u00bb{}\u00a0\u00bb]<\/p>\n<h1>La num\u00e9risation patrimoniale<\/h1>\n<p>[\/et_pb_text][\/et_pb_column][\/et_pb_row][\/et_pb_section][et_pb_section fb_built=\u00a0\u00bb1&Prime; _builder_version=\u00a0\u00bb4.27.5&Prime; _module_preset=\u00a0\u00bbdefault\u00a0\u00bb global_colors_info=\u00a0\u00bb{}\u00a0\u00bb][et_pb_row column_structure=\u00a0\u00bb1_2,1_2&Prime; _builder_version=\u00a0\u00bb4.27.5&Prime; _module_preset=\u00a0\u00bbdefault\u00a0\u00bb global_colors_info=\u00a0\u00bb{}\u00a0\u00bb custom_margin=\u00a0\u00bb|auto|45px|auto||\u00a0\u00bb][et_pb_column type=\u00a0\u00bb1_2&Prime; _builder_version=\u00a0\u00bb4.27.5&Prime; _module_preset=\u00a0\u00bbdefault\u00a0\u00bb global_colors_info=\u00a0\u00bb{}\u00a0\u00bb][et_pb_text _builder_version=\u00a0\u00bb4.27.5&Prime; _module_preset=\u00a0\u00bbdefault\u00a0\u00bb global_colors_info=\u00a0\u00bb{}\u00a0\u00bb]<\/p>\n<h2><strong>D\u00e9finition et enjeux<\/strong><\/h2>\n<p>La num\u00e9risation patrimoniale d\u00e9signe l\u2019ensemble des op\u00e9rations visant \u00e0 convertir des documents et objets patrimoniaux physiques en fichiers num\u00e9riques. Elle concerne aussi bien les archives administratives que les collections culturelles et historiques, telles que les manuscrits, photographies, plans, affiches ou fonds iconographiques. Cette d\u00e9marche s\u2019inscrit dans une logique de pr\u00e9servation, de valorisation et de transmission du patrimoine sur le long terme.<\/p>\n<p>Les supports physiques sont soumis \u00e0 de nombreuses contraintes. L\u2019usure li\u00e9e \u00e0 la manipulation, les conditions climatiques ou encore le vieillissement des mat\u00e9riaux repr\u00e9sentent des risques importants pour la conservation des documents. La num\u00e9risation permet de limiter la consultation des originaux tout en garantissant l\u2019acc\u00e8s \u00e0 leur contenu sous forme de copies num\u00e9riques fid\u00e8les.<\/p>\n<p>[\/et_pb_text][\/et_pb_column][et_pb_column type=\u00a0\u00bb1_2&Prime; _builder_version=\u00a0\u00bb4.27.5&Prime; _module_preset=\u00a0\u00bbdefault\u00a0\u00bb global_colors_info=\u00a0\u00bb{}\u00a0\u00bb][et_pb_image src=\u00a0\u00bbhttps:\/\/user03.lpapica.fr\/public\/wp-content\/uploads\/2026\/02\/musee.jpg\u00a0\u00bb title_text=\u00a0\u00bbmusee\u00a0\u00bb _builder_version=\u00a0\u00bb4.27.5&Prime; _module_preset=\u00a0\u00bbdefault\u00a0\u00bb global_colors_info=\u00a0\u00bb{}\u00a0\u00bb][\/et_pb_image][\/et_pb_column][\/et_pb_row][et_pb_row _builder_version=\u00a0\u00bb4.27.5&Prime; _module_preset=\u00a0\u00bbdefault\u00a0\u00bb global_colors_info=\u00a0\u00bb{}\u00a0\u00bb][et_pb_column type=\u00a0\u00bb4_4&Prime; _builder_version=\u00a0\u00bb4.27.5&Prime; _module_preset=\u00a0\u00bbdefault\u00a0\u00bb global_colors_info=\u00a0\u00bb{}\u00a0\u00bb][et_pb_text _builder_version=\u00a0\u00bb4.27.5&Prime; _module_preset=\u00a0\u00bbdefault\u00a0\u00bb global_colors_info=\u00a0\u00bb{}\u00a0\u00bb]<\/p>\n<h2><strong>Objectifs de la num\u00e9risation patrimoniale<\/strong><\/h2>\n<p>La num\u00e9risation patrimoniale r\u00e9pond \u00e0 plusieurs objectifs compl\u00e9mentaires. Elle vise d\u2019abord \u00e0 s\u00e9curiser l\u2019information en cr\u00e9ant des reproductions num\u00e9riques exploitables et p\u00e9rennes. Elle permet \u00e9galement de faciliter l\u2019acc\u00e8s aux collections, notamment \u00e0 distance, et de soutenir les missions de recherche, d\u2019enseignement et de m\u00e9diation culturelle.<\/p>\n<p>Un projet de num\u00e9risation repose sur une m\u00e9thodologie rigoureuse. Il implique un travail pr\u00e9paratoire d\u2019inventaire, de s\u00e9lection des documents et de d\u00e9finition des standards techniques. La qualit\u00e9 des fichiers produits, ainsi que l\u2019ajout de m\u00e9tadonn\u00e9es descriptives, conditionne la r\u00e9utilisation future des contenus.<\/p>\n<p>[\/et_pb_text][\/et_pb_column][\/et_pb_row][et_pb_row _builder_version=\u00a0\u00bb4.27.5&Prime; _module_preset=\u00a0\u00bbdefault\u00a0\u00bb global_colors_info=\u00a0\u00bb{}\u00a0\u00bb custom_margin=\u00a0\u00bb44px|auto||auto||\u00a0\u00bb][et_pb_column type=\u00a0\u00bb4_4&Prime; _builder_version=\u00a0\u00bb4.27.5&Prime; _module_preset=\u00a0\u00bbdefault\u00a0\u00bb global_colors_info=\u00a0\u00bb{}\u00a0\u00bb][et_pb_text _builder_version=\u00a0\u00bb4.27.5&Prime; _module_preset=\u00a0\u00bbdefault\u00a0\u00bb global_colors_info=\u00a0\u00bb{}\u00a0\u00bb]<\/p>\n<h2><strong>Les piliers de la num\u00e9risation patrimoniale<\/strong><\/h2>\n<p>[\/et_pb_text][\/et_pb_column][\/et_pb_row][et_pb_row column_structure=\u00a0\u00bb1_3,1_3,1_3&Prime; _builder_version=\u00a0\u00bb4.27.5&Prime; _module_preset=\u00a0\u00bbdefault\u00a0\u00bb global_colors_info=\u00a0\u00bb{}\u00a0\u00bb][et_pb_column type=\u00a0\u00bb1_3&Prime; _builder_version=\u00a0\u00bb4.27.5&Prime; _module_preset=\u00a0\u00bbdefault\u00a0\u00bb global_colors_info=\u00a0\u00bb{}\u00a0\u00bb][et_pb_icon font_icon=\u00a0\u00bb&#xf108;||fa||900&Prime; icon_color=\u00a0\u00bb#42E3BB\u00a0\u00bb _builder_version=\u00a0\u00bb4.27.5&Prime; _module_preset=\u00a0\u00bbdefault\u00a0\u00bb global_colors_info=\u00a0\u00bb{}\u00a0\u00bb][\/et_pb_icon][et_pb_text _builder_version=\u00a0\u00bb4.27.5&Prime; _module_preset=\u00a0\u00bbdefault\u00a0\u00bb global_colors_info=\u00a0\u00bb{}\u00a0\u00bb]<\/p>\n<h3><strong>Conservation num\u00e9rique<\/strong><\/h3>\n<p>La num\u00e9risation contribue \u00e0 la protection des documents originaux en r\u00e9duisant leur manipulation. Les fichiers num\u00e9riques constituent une copie de sauvegarde qui peut \u00eatre stock\u00e9e, dupliqu\u00e9e et s\u00e9curis\u00e9e selon des protocoles adapt\u00e9s.<\/p>\n<p>[\/et_pb_text][\/et_pb_column][et_pb_column type=\u00a0\u00bb1_3&Prime; _builder_version=\u00a0\u00bb4.27.5&Prime; _module_preset=\u00a0\u00bbdefault\u00a0\u00bb global_colors_info=\u00a0\u00bb{}\u00a0\u00bb][et_pb_icon font_icon=\u00a0\u00bb&#xf29a;||fa||900&Prime; icon_color=\u00a0\u00bb#42E3BB\u00a0\u00bb _builder_version=\u00a0\u00bb4.27.5&Prime; _module_preset=\u00a0\u00bbdefault\u00a0\u00bb global_colors_info=\u00a0\u00bb{}\u00a0\u00bb][\/et_pb_icon][et_pb_text _builder_version=\u00a0\u00bb4.27.5&Prime; _module_preset=\u00a0\u00bbdefault\u00a0\u00bb global_colors_info=\u00a0\u00bb{}\u00a0\u00bb]<\/p>\n<h3><strong>Accessibilit\u00e9 des collections<\/strong><\/h3>\n<p>La mise \u00e0 disposition de contenus num\u00e9ris\u00e9s favorise l\u2019acc\u00e8s au patrimoine pour un public \u00e9largi. Chercheurs, \u00e9tudiants et citoyens peuvent consulter les documents sans contrainte g\u00e9ographique, ce qui renforce la diffusion de la connaissance.<\/p>\n<p>[\/et_pb_text][\/et_pb_column][et_pb_column type=\u00a0\u00bb1_3&Prime; _builder_version=\u00a0\u00bb4.27.5&Prime; _module_preset=\u00a0\u00bbdefault\u00a0\u00bb global_colors_info=\u00a0\u00bb{}\u00a0\u00bb][et_pb_icon font_icon=\u00a0\u00bb&#xf0c0;||fa||900&Prime; icon_color=\u00a0\u00bb#42E3BB\u00a0\u00bb _builder_version=\u00a0\u00bb4.27.5&Prime; _module_preset=\u00a0\u00bbdefault\u00a0\u00bb custom_padding=\u00a0\u00bb||0px|||\u00a0\u00bb global_colors_info=\u00a0\u00bb{}\u00a0\u00bb][\/et_pb_icon][et_pb_text _builder_version=\u00a0\u00bb4.27.5&Prime; _module_preset=\u00a0\u00bbdefault\u00a0\u00bb global_colors_info=\u00a0\u00bb{}\u00a0\u00bb]<\/p>\n<h3><strong>Valorisation et m\u00e9diation<\/strong><\/h3>\n<p>Les contenus num\u00e9ris\u00e9s peuvent \u00eatre int\u00e9gr\u00e9s \u00e0 des expositions virtuelles, des bases de donn\u00e9es en ligne ou des dispositifs p\u00e9dagogiques. La num\u00e9risation devient alors un outil de m\u00e9diation culturelle et de valorisation des fonds patrimoniaux.<\/p>\n<p>[\/et_pb_text][\/et_pb_column][\/et_pb_row][et_pb_row column_structure=\u00a0\u00bb1_2,1_2&Prime; _builder_version=\u00a0\u00bb4.27.5&Prime; _module_preset=\u00a0\u00bbdefault\u00a0\u00bb global_colors_info=\u00a0\u00bb{}\u00a0\u00bb custom_margin=\u00a0\u00bb32px|auto||auto||\u00a0\u00bb][et_pb_column type=\u00a0\u00bb1_2&Prime; _builder_version=\u00a0\u00bb4.27.5&Prime; _module_preset=\u00a0\u00bbdefault\u00a0\u00bb global_colors_info=\u00a0\u00bb{}\u00a0\u00bb][et_pb_text _builder_version=\u00a0\u00bb4.27.5&Prime; _module_preset=\u00a0\u00bbdefault\u00a0\u00bb hover_enabled=\u00a0\u00bb0&Prime; global_colors_info=\u00a0\u00bb{}\u00a0\u00bb sticky_enabled=\u00a0\u00bb0&Prime;]<\/p>\n<h2><strong>Une d\u00e9marche compl\u00e9mentaire \u00e0 la conservation physique<\/strong><\/h2>\n<p>La num\u00e9risation patrimoniale ne se substitue pas \u00e0 la conservation mat\u00e9rielle des documents. Elle s\u2019inscrit dans une strat\u00e9gie globale de gestion du patrimoine, associant conservation pr\u00e9ventive, description archivistique et diffusion num\u00e9rique. Cette compl\u00e9mentarit\u00e9 permet de concilier protection des originaux et accessibilit\u00e9 des contenus.<\/p>\n<p>[\/et_pb_text][\/et_pb_column][et_pb_column type=\u00a0\u00bb1_2&Prime; _builder_version=\u00a0\u00bb4.27.5&Prime; _module_preset=\u00a0\u00bbdefault\u00a0\u00bb global_colors_info=\u00a0\u00bb{}\u00a0\u00bb][et_pb_image src=\u00a0\u00bbhttps:\/\/user03.lpapica.fr\/public\/wp-content\/uploads\/2026\/02\/diapo.jpg\u00a0\u00bb title_text=\u00a0\u00bbdiapo\u00a0\u00bb _builder_version=\u00a0\u00bb4.27.5&Prime; _module_preset=\u00a0\u00bbdefault\u00a0\u00bb global_colors_info=\u00a0\u00bb{}\u00a0\u00bb][\/et_pb_image][\/et_pb_column][\/et_pb_row][et_pb_row _builder_version=\u00a0\u00bb4.27.5&Prime; _module_preset=\u00a0\u00bbdefault\u00a0\u00bb global_colors_info=\u00a0\u00bb{}\u00a0\u00bb][et_pb_column type=\u00a0\u00bb4_4&Prime; _builder_version=\u00a0\u00bb4.27.5&Prime; _module_preset=\u00a0\u00bbdefault\u00a0\u00bb global_colors_info=\u00a0\u00bb{}\u00a0\u00bb][et_pb_text _builder_version=\u00a0\u00bb4.27.5&Prime; _module_preset=\u00a0\u00bbdefault\u00a0\u00bb global_colors_info=\u00a0\u00bb{}\u00a0\u00bb]<\/p>\n<h2>Foire aux questions<\/h2>\n<p>[\/et_pb_text][et_pb_accordion open_toggle_text_color=\u00a0\u00bb#FFFFFF\u00a0\u00bb open_toggle_background_color=\u00a0\u00bb#588E81&Prime; closed_toggle_text_color=\u00a0\u00bb#588E81&Prime; closed_toggle_background_color=\u00a0\u00bb#54B89F\u00a0\u00bb toggle_icon=\u00a0\u00bb&#x45;||divi||400&Prime; icon_color=\u00a0\u00bb#588E81&Prime; _builder_version=\u00a0\u00bb4.27.5&Prime; _module_preset=\u00a0\u00bbdefault\u00a0\u00bb toggle_text_color=\u00a0\u00bb#588E81&Prime; hover_enabled=\u00a0\u00bb0&Prime; global_colors_info=\u00a0\u00bb{}\u00a0\u00bb sticky_enabled=\u00a0\u00bb0&Prime;][et_pb_accordion_item title=\u00a0\u00bbQu\u2019est-ce que la num\u00e9risation patrimoniale ?\u00a0\u00bb open=\u00a0\u00bbon\u00a0\u00bb _builder_version=\u00a0\u00bb4.27.5&Prime; _module_preset=\u00a0\u00bbdefault\u00a0\u00bb global_colors_info=\u00a0\u00bb{}\u00a0\u00bb]<\/p>\n<p>La num\u00e9risation patrimoniale consiste \u00e0 transformer des documents ou objets patrimoniaux en fichiers num\u00e9riques.<\/p>\n<p>[\/et_pb_accordion_item][et_pb_accordion_item title=\u00a0\u00bbPourquoi la num\u00e9risation est-elle importante pour le patrimoine ?\u00a0\u00bb _builder_version=\u00a0\u00bb4.27.5&Prime; _module_preset=\u00a0\u00bbdefault\u00a0\u00bb global_colors_info=\u00a0\u00bb{}\u00a0\u00bb open=\u00a0\u00bboff\u00a0\u00bb]<\/p>\n<p>Elle permet de pr\u00e9server les documents fragiles, de s\u00e9curiser l\u2019information et d\u2019\u00e9largir l\u2019acc\u00e8s aux collections.<\/p>\n<p>[\/et_pb_accordion_item][et_pb_accordion_item title=\u00a0\u00bbQuels documents sont concern\u00e9s par la num\u00e9risation ?\u00a0\u00bb _builder_version=\u00a0\u00bb4.27.5&Prime; _module_preset=\u00a0\u00bbdefault\u00a0\u00bb global_colors_info=\u00a0\u00bb{}\u00a0\u00bb open=\u00a0\u00bboff\u00a0\u00bb]<\/p>\n<p>Archives, photographies, plans, manuscrits, affiches et fonds iconographiques peuvent \u00eatre num\u00e9ris\u00e9s.<\/p>\n<p>[\/et_pb_accordion_item][et_pb_accordion_item title=\u00a0\u00bbLa num\u00e9risation suffit-elle \u00e0 conserver le patrimoine ?\u00a0\u00bb _builder_version=\u00a0\u00bb4.27.5&Prime; _module_preset=\u00a0\u00bbdefault\u00a0\u00bb global_colors_info=\u00a0\u00bb{}\u00a0\u00bb open=\u00a0\u00bboff\u00a0\u00bb]<\/p>\n<p>Non, elle compl\u00e8te la conservation physique sans la remplacer.<\/p>\n<p>[\/et_pb_accordion_item][et_pb_accordion_item title=\u00a0\u00bb\u00c0 qui s\u2019adresse la num\u00e9risation patrimoniale ?\u00a0\u00bb _builder_version=\u00a0\u00bb4.27.5&Prime; _module_preset=\u00a0\u00bbdefault\u00a0\u00bb global_colors_info=\u00a0\u00bb{}\u00a0\u00bb open=\u00a0\u00bboff\u00a0\u00bb]<\/p>\n<p>Elle concerne les institutions culturelles, les collectivit\u00e9s, les services d\u2019archives et les structures en charge du patrimoine.<\/p>\n<p>[\/et_pb_accordion_item][\/et_pb_accordion][\/et_pb_column][\/et_pb_row][\/et_pb_section]<\/p>\n","protected":false},"excerpt":{"rendered":"<p>La num\u00e9risation patrimonialeD\u00e9finition et enjeux La num\u00e9risation patrimoniale d\u00e9signe l\u2019ensemble des op\u00e9rations visant \u00e0 convertir des documents et objets patrimoniaux physiques en fichiers num\u00e9riques. Elle concerne aussi bien les archives administratives que les collections culturelles et historiques, telles que les manuscrits, photographies, plans, affiches ou fonds iconographiques. Cette d\u00e9marche s\u2019inscrit dans une logique de pr\u00e9servation, [&hellip;]<\/p>\n","protected":false},"author":4,"featured_media":0,"parent":0,"menu_order":0,"comment_status":"closed","ping_status":"closed","template":"","meta":{"_seopress_robots_primary_cat":"","_seopress_titles_title":"","_seopress_titles_desc":"","_seopress_robots_index":"","_et_pb_use_builder":"on","_et_pb_old_content":"","_et_gb_content_width":"","footnotes":""},"class_list":["post-251","page","type-page","status-publish","hentry"],"_links":{"self":[{"href":"https:\/\/user03.lpapica.fr\/public\/wp-json\/wp\/v2\/pages\/251","targetHints":{"allow":["GET"]}}],"collection":[{"href":"https:\/\/user03.lpapica.fr\/public\/wp-json\/wp\/v2\/pages"}],"about":[{"href":"https:\/\/user03.lpapica.fr\/public\/wp-json\/wp\/v2\/types\/page"}],"author":[{"embeddable":true,"href":"https:\/\/user03.lpapica.fr\/public\/wp-json\/wp\/v2\/users\/4"}],"replies":[{"embeddable":true,"href":"https:\/\/user03.lpapica.fr\/public\/wp-json\/wp\/v2\/comments?post=251"}],"version-history":[{"count":8,"href":"https:\/\/user03.lpapica.fr\/public\/wp-json\/wp\/v2\/pages\/251\/revisions"}],"predecessor-version":[{"id":315,"href":"https:\/\/user03.lpapica.fr\/public\/wp-json\/wp\/v2\/pages\/251\/revisions\/315"}],"wp:attachment":[{"href":"https:\/\/user03.lpapica.fr\/public\/wp-json\/wp\/v2\/media?parent=251"}],"curies":[{"name":"wp","href":"https:\/\/api.w.org\/{rel}","templated":true}]}}